inder when 167 is divided by a(18).
38
Let k = 91 + -1. Let f be (-440)/8 - (-2)/(-1). What is the remainder when k is divided by f*20/(-36) - (-4)/(-6)?
28
Suppose 0 = 2*o - o - 9. Let g be (-14)/63 + 56/o. Let f = 9 - g. What is the remainder when 3 is divided by f?
0
Let n = -4 + 11. Let c(a) = a**2 - 16*a - 115. What is the remainder when c(22) is divided by n?
3
Let h(p) = 4*p + 14. Suppose a = -8*a + 90. What is the remainder when h(a) is divided by 14?
12
Calculate the remainder when (355 - (-4 + 9))/2 + 4 is divided by 37.
31
Let d(i) = -i**2 + 4*i + 60. Calculate the remainder when 57 is divided by d(9).
12
Let a(y) = y + 8. Let g be a(-2). Let n = g + 16. Let f = 33 - n. What is the remainder when 76 is divided by f?
10
Let q = 595 - 564. Suppose -45 = 3*i - 4*i. Let x = i + -28. Calculate the remainder when q is divided by x.
14
Suppose 3*b = 7*b - 56. Suppose -309 = -20*x + 751. Calculate the remainder when x is divided by b.
11
Let h = -431 + 439. Suppose 2*j - 66 = -5*w, 2*w + 3*j - 21 = w. Calculate the remainder when w is divided by h.
4
Suppose 0 = -4*f - 5*d + 6*d + 646, 318 = 2*f - 3*d. Calculate the remainder when f is divided by 55.
52
Suppose 84*v + 1482 = 90*v. What is the remainder when v is divided by 67?
46
Let f(k) = -k**2 - 6*k - 1. Let l be f(-4). Suppose 0 = -l*b + 8*b + 2. Calculate the remainder when 4 is divided by (-2)/(-1)*(-3)/b.
1
Suppose -h + 4 = 10. Let j(u) be the third derivative of -u**4/6 - u**3/3 + 5*u**2. Calculate the remainder when j(h) is divided by 9.
4
Suppose -224 = -6*d - 182. What is the remainder when 35 is divided by d?
0
Let s = 1363 - 1194. Calculate the remainder when s is divided by 29.
24
What is the remainder when ((-21)/(-3))/(-4 + (-116)/(-28)) is divided by 26?
23
Suppose -3*v = -4*v + 12. Suppose -2*m + v = -0*m. Suppose -m*c = -2*c - 32. What is the remainder when 29 is divided by c?
5
Let i = 3 + 18. Calculate the remainder when (-9)/(-4)*(-8140)/(-111) is divided by i.
18
Let t = 22 + -20. Suppose 2*w + 2*p - 8 = 0, t*w + 5*p - 6*p - 11 = 0. Calculate the remainder when 13 is divided by w.
3
Let b = 259 + -184. Suppose -9*y + 4*y + 100 = 0. Calculate the remainder when b is divided by y.
15
Let p(d) = d**3 - 6*d**2 + 8*d + 4. Let h(q) = -q**3 + 5*q**2 - 7*q - 5. Let z(v) = 3*h(v) + 4*p(v). Calculate the remainder when 73 is divided by z(8).
23
Let f = 13 - 11. Suppose -w + 3*w = 3*u - 5, 2*w - 20 = -2*u. Suppose u*g - 104 = -f*l - 0*l, -2*g + 4*l = -32. What is the remainder when 38 is divided by g?
18
Let n = 186 + -113. Suppose 20 = 8*b - 3*b. Suppose 8*i = b*i + 76. What is the remainder when n is divided by i?
16
Suppose -8*o + 15 = -3*o. Suppose o*h - i - 19 = 0, 0 = 5*h + 4*i - 14 - 29. Calculate the remainder when 104 is divided by 144/7 - (-3)/h.
20
Suppose 5*z - 4*q - 66 = 0, 2 = z - q + 3*q. Let d be ((-32)/z)/(16/(-40)). Suppose 0 = -t + 22 - d. What is the remainder when 41 is divided by t?
13
Let y(v) = v**2 + 1. Let l(z) = 68*z**2 + 3*z + 1. Let c(h) = -l(h) + 3*y(h). Let g be c(1). Calculate the remainder when g*(0 - (-2)/(-3)) is divided by 15.
14
Suppose -2*m = -10, 78 + 85 = 4*q - 5*m. Let p = q + -30. What is the remainder when (-2 + 8)/(-1) + 36/1 is divided by p?
13
Let n = 8 + -4. Let w(i) = -i**3 - 4*i**2 - 3*i + 3. Let p be w(-2). Calculate the remainder when 600/15 - n*p is divided by 10.
6
Let n = -10 - -11. Let g be 5/4*(n + 3). Suppose 13 - 48 = -g*f. What is the remainder when f is divided by 4?
3
Let c be 40/((-4)/(8/(-1))) + 4. Calculate the remainder when (-9)/(c/(-20) + 2 - -2) is divided by 13.
6
Let c be -2*(1 + -2)*(24 + -23). What is the remainder when (108 - -1)*(3 + c - 4) is divided by 14?
11
Suppose -m + 19 = 2*q - 12, -q = -5*m + 144. Suppose -2*w + m = -29. Calculate the remainder when w is divided by 15.
14
Suppose -4*q = -6*q - 16. Let v be (-25)/(-3) + q/24. Calculate the remainder when 14 is divided by v - 4 - 0 - -4.
6
Suppose 5*i = 15 + 30. Suppose i*q + 99 = 12*q. What is the remainder when q is divided by 12?
9
Suppose 0 = 2*b - 4 - 12. Let y(u) = 8*u + 77. Calculate the remainder when y(-8) is divided by b.
5
Let q = -200 + 206. Let w(m) = -m**3 - 8*m**2 - 8*m + 10. Calculate the remainder when w(-7) is divided by q.
5
Let y(j) = -j**2 - 43*j - 108. Calculate the remainder when 570 is divided by y(-36).
138
Let b(r) = r**3 - 22*r**2 - 20*r - 51. What is the remainder when 50 is divided by b(23)?
14
Suppose -4*t = 8, -2*t + t = -3*a - 16. Let h(w) = w**2 + 3*w. Suppose -54 = -9*p + 567. What is the remainder when p is divided by h(a)?
15
Let b(u) = -u**2 + 3*u. Let w be b(0). Suppose 4*r + 8 + 0 = w, 4*p - 58 = 3*r. Suppose 9*m - 6*m = 114. What is the remainder when m is divided by p?
12
Let z be (2/(-5))/(1/(-5)). Let c = 39 - 45. What is the remainder when 15 is divided by ((-27)/c)/(1/z)?
6
Suppose -5*s = 3*x + 15 - 68, 0 = 3*s - 5*x - 25. Suppose 12 = u + 30. What is the remainder when 2 - u - (-3 + 4) is divided by s?
9
Suppose 0 = -0*i + 11*i - 55. Calculate the remainder when 38 is divided by i.
3
Suppose -2*u + 6*u = -44. Let q(m) = m**3 + 12*m**2 + 8*m + 4. Let v be q(u). Let o = 56 - v. Calculate the remainder when 56 is divided by o.
18
Let f = 510 + -302. Suppose 5 = 9*a - 4. Suppose -4*d + f = 4*t, -a = t + 4. What is the remainder when d is divided by 15?
12
What is the remainder when 116 + ((-19)/(-38))/((-1)/10) is divided by 17?
9
Suppose -17*d + 25*d - 48 = 0. What is the remainder when 106 is divided by d?
4
Let s(b) = -b**2 + 2*b - 16. Let g be s(0). What is the remainder when 24 is divided by (g - -1)/(-7 - -6)?
9
Suppose -22*v + 21*v = -4. Suppose 0 = v*d - 44 - 20. Calculate the remainder when 58 is divided by d.
10
Let g = -119 + 172. Suppose g*n - 81 = 50*n. What is the remainder when 105 is divided by n?
24
Let l = 3 - 2. Let b(u) = -3*u**2 + 2*u - 1. Let s be b(l). Calculate the remainder when 21 is divided by (-10)/(-2) + (s - -3).
3
Suppose 4*g + 28 = 3*t, g + 3*g = 8. Calculate the remainder when 21 is divided by t.
9
Let v = -1275 + 1769. Calculate the remainder when v is divided by 62.
60
Suppose 5*s - 70 = -2*t, -3*t - 3*s + 105 = -s. What is the remainder when 138 is divided by t?
33
Let t be 234/(-9)*(-2)/(-2). Let c = 31 + t. Calculate the remainder when c is divided by 3.
2
Suppose -2*x + v - 10 = 0, -3*x = 2*x + v + 32. Let z(h) = -h**3 - 5*h**2 + 3*h - 2. Let f be z(x). What is the remainder when 48 is divided by -1 + -1 + 3 + f?
14
Suppose -6*b = -b - 335. What is the remainder when b is divided by 1*(-2)/(-5) + (-166)/(-10)?
16
Suppose 0 = 3*j + 72 + 144. Calculate the remainder when 45 is divided by j/(-3) + (-1 - -1).
21
Suppose 3*l - 23 = -4*u, -4 = 3*u - 2*u. Suppose 3*q - 3*x - 11 = 2*q, -15 = -q - x. Calculate the remainder when 346/10 + q/35 is divided by l.
9
Let f(r) = -r**2 + 10*r - 5. Let i be f(9). Suppose o + 3*o - 320 = -4*z, 4*z = i*o - 344. What is the remainder when o is divided by 17?
15
Calculate the remainder when 971 is divided by (9 + -11 + -4)*(-5)/2.
11
Let x = -7 - -47. What is the remainder when 151 is divided by x?
31
Let j(i) = -i**3 + 3*i**2 + 20. Calculate the remainder when 4 is divided by j(4).
0
Suppose -2*v - 5*d = -6*v + 482, d = 4*v - 474. Let j = v - 109. Calculate the remainder when 25 is divided by j.
7
Let z(j) = -28*j + 41. What is the remainder when 35 is divided by z(1)?
9
Let q(u) = u**2 - u - 1 + 2*u**2 + 5*u**2 + 2*u. Suppose 3*k - 17 = -4*b + 37, -2*b + 36 = -3*k. What is the remainder when b is divided by q(1)?
7
Let i = -26 - -48. What is the remainder when 1 - i*12/(-3) is divided by 23?
20
Suppose 3*h + 3*r - 6*r + 60 = 0, r - 2 = 0. Let z = 72 + h. What is the remainder when z is divided by (5/(-2))/((-45)/252)?
12
Suppose -5*j + 2*j + 414 = 0. Let n = j - 70. Suppose -13*h + n = -9*h. What is the remainder when h is divided by 4?
1
Let q = -78 - -102. What is the remainder when 285 is divided by q?
21
Suppose p - b = 18, -4*b + 14 = -3*p + 68. Calculate the remainder when 611 is divided by p.
17
Let r(i) = -i**3 + 6*i**2 - 4*i + 2. Let c(l) = -8 - 7*l**2 - 3*l + 6*l**2 - 4*l. Let x be c(-4). What is the remainder when 33 is divided by r(x)?
15
Let o(m) = 3*m + 3. Let r be -8*(-1)/((-6)/(-105)). Calculate the remainder when o(4) 